e remainder when v is divided by l(f)?
0
Suppose 5*b + 13*b - 648 = 0. Calculate the remainder when 105 is divided by b.
33
Let z(k) = 54*k**2 - 5*k + 9. What is the remainder when z(2) is divided by 56?
47
Suppose -15 = 3*r, 4*q - 87*r + 91*r = 1072. Calculate the remainder when q is divided by 95.
83
Let n(w) = w**2 + 12*w - 8. Let o = 90 + -106. Calculate the remainder when 221 is divided by n(o).
53
Let a = 1160 + -1137. What is the remainder when 275 is divided by a?
22
Suppose -4*u - r = 1057 - 2892, -3*u = 3*r - 1374. Calculate the remainder when u is divided by 66.
63
Suppose 116 = 4*y - 2*g, 34 = y - 2*g + 4*g. What is the remainder when y is divided by 16?
14
Let m(c) = -5*c**3 - 30*c**2 - 6*c - 3. What is the remainder when 262 is divided by m(-6)?
31
Let o = 1100 + -444. What is the remainder when o is divided by 33?
29
Let a(d) = 29*d + 37. Calculate the remainder when 654 is divided by a(2).
84
Suppose 2*r = -5*m + 21, -r - 2*m = -5 - 4. Suppose 0 = k + r*k + d - 27, -5*d - 26 = -3*k. Calculate the remainder when (1 + 3)/(-2) - -29 is divided by k.
6
Suppose 7*w - w - 2220 = 0. Suppose -10*j + w = 130. Calculate the remainder when j is divided by 14.
10
Let i = 33 - 128. Let m = -16 - i. Calculate the remainder when m is divided by 22.
13
Let h = 20 - -11. What is the remainder when 89 is divided by h?
27
Suppose 4 = 4*a - 0, -3*v = 3*a + 249. Let o = 10 - v. Calculate the remainder when o is divided by 32.
30
Let b be (-4)/(-8)*14/1. Suppose -r + 2 + b = 0. Calculate the remainder when 31 is divided by r.
4
Calculate the remainder when 54 is divided by ((-80)/(-28))/((-6)/(-21)).
4
Let z = 0 - -2. Let a be 3*(-4)/(-16)*4 - -1. Suppose -z*i = a*g - 12, 3*g + 3 + 23 = 2*i. What is the remainder when 25 is divided by i?
5
Suppose 5*b - 36 = 2*b. Let s be b/((-111)/(-38) - 3). Calculate the remainder when 1/((0 - 4)/s) is divided by 10.
8
Suppose 14*b + 951 = 2435. What is the remainder when b is divided by 23?
14
Suppose 2*s - 26 = -4*o, 19 = 4*s - 3*o - 0*o. Let k = -494 - -526. Calculate the remainder when k is divided by s.
4
Let j(h) = 4*h**2 + h. Let a be j(1). Suppose -a*r - 4*n = -8 - 19, r = 3*n + 13. Calculate the remainder when r is divided by 2.
1
Let o be 9*(3 + -4)/(1/(-4)). Let r = o - 26. What is the remainder when 39 is divided by r?
9
Let t(v) = v**2 - 2*v. Let l be t(-14). Suppose 2*p = 5*a - 635, 0 = -2*a + 3*p + 41 + l. What is the remainder when a is divided by 21?
20
Suppose 5*h - 93 = 2*h + 4*r, -3*h - 5*r + 120 = 0. Suppose 5*u - 2 - 3 = 0, -u = -4*m + 3. Calculate the remainder when h is divided by m + (0 - 0 - -5).
5
Suppose -184*g + 342 = -181*g. Calculate the remainder when g is divided by 13.
10
Let q(v) = -v**2 - 3*v + 5. Suppose 5*r = 13 - 43. Let w be q(r). Let s(o) = o**3 + 15*o**2 + 15*o - 2. Calculate the remainder when s(w) is divided by 36.
33
What is the remainder when 0 + 603/(-2 - -5) is divided by 19?
11
Suppose 5*b = -3*b + 328. Suppose 3*d - 34 = b. Calculate the remainder when d is divided by 14.
11
Let j(g) = g + 3. Let i be j(-1). Suppose -4*t + 0*v + 4 = 5*v, 0 = i*t + 5*v + 8. Calculate the remainder when 11 is divided by (9/t)/(4/8).
2
Let s = -39 + 67. Let p = 102 - 48. What is the remainder when p is divided by s?
26
Let d(s) = s**3 - 4*s**2 + 2*s - 2. Let r be d(4). Suppose 3*f = -6 - r. Calculate the remainder when 27 is divided by (14/f)/((-3)/6).
6
Suppose -4*f - 3*h + 4*h + 95 = 0, f + 3*h - 27 = 0. Let r be 21/35 + f/10. What is the remainder when r/15 - 79/(-5) is divided by 9?
7
Let v be (-18)/4*(-64)/6. Suppose 325*m - 329*m + 16 = 0. Suppose m*h - 47 = -2*b - h, -3*h = 3*b - v. Calculate the remainder when b is divided by 4.
3
Let l(i) = -4*i - 4. Let s(j) = -j - 1. Suppose 5*n = -u - 7, -5*u + 6*u + 1 = -3*n. Let k(p) = u*s(p) - l(p). What is the remainder when 9 is divided by k(-2)?
1
Suppose -524 = -10*p + 316. Suppose 6*z = p - 12. Calculate the remainder when 119 is divided by z.
11
Let o(u) = 9*u**3 + u**2 - u + 1. Suppose -3*q + 51 = -90. What is the remainder when q is divided by o(1)?
7
Suppose 5*w + 213 = 208, 5*t + 2*w - 58 = 0. Calculate the remainder when 575 is divided by t.
11
Suppose 963 = 15*v - 7872. What is the remainder when v is divided by 16?
13
Let h(w) = w**3 - 16*w**2 + 32*w - 14. Calculate the remainder when h(14) is divided by 15.
12
Let k = 46 - -41. Let q = k + -33. Calculate the remainder when q is divided by -2 - (-15 - (3 - 2)).
12
Suppose 4*n = 3*m + 23, -2*n - 5*m - 21 = -0*m. Suppose -4*v + 5*o + 13 = -3*v, -4*v + 140 = n*o. What is the remainder when 62 is divided by v?
29
Suppose c - 34 = 109. Suppose 621*k = 534*k + 1392. Calculate the remainder when c is divided by k.
15
Let l(w) = w + 22. Let j be l(-10). Suppose j = 4*v, 3*v + v = -3*b + 51. What is the remainder when 75 is divided by b?
10
Let a(l) = 9*l**3 + 3*l**2 + 2*l + 1. Suppose 2*t = 2*x + 4, 5*x = 2*t - 6 + 8. Calculate the remainder when a(x) is divided by 16.
9
Let f(b) = -2*b**2 + 48*b - 23. What is the remainder when f(22) is divided by 62?
3
Let q = -327 + 361. What is the remainder when 373 is divided by q?
33
Let u be (42/(-4))/(12/(-8)). Let j(g) = g**3 + 7*g**2 + 6*g + 4. What is the remainder when 642/42 - 2/u is divided by j(-6)?
3
What is the remainder when (-6)/(-81) - 12618/(-243) is divided by ((-28)/10)/(2/(-20))?
24
Calculate the remainder when ((-2)/4)/((-2)/96) is divided by (-5)/25 - 22/10*-6.
11
Let o(q) = -30*q - 33. Let c(f) = 12*f + 13. Let r(b) = 12*c(b) + 5*o(b). Calculate the remainder when r(-8) is divided by 21.
18
Calculate the remainder when (40/60)/(0 + (-4)/(-1710)) is divided by 72.
69
Let g = -236 + 298. Calculate the remainder when 184 is divided by g.
60
Suppose -4*c = 11 + 1, -g - 3*c = -152. What is the remainder when g is divided by 11?
7
Suppose 10*b + 72 - 112 = 0. Let g(k) be the first derivative of -k**2/2 + k + 1. What is the remainder when g(-6) is divided by b?
3
Let v = -3 - -3. Let c = -24 - -61. Calculate the remainder when c is divided by (v - (-19)/(-3))*-3.
18
Let j(s) = s**2 - 7*s + 22. Suppose -f + 2 + 1 = -4*d, -2*d - 6 = -2*f. What is the remainder when 77 is divided by j(d)?
11
Let y = -523 + 584. What is the remainder when y is divided by 0 + (-63)/6*-2?
19
Let h = -1243 - -1295. Calculate the remainder when 518 is divided by h.
50
Let y(u) = u**2 + 8*u - 36. Suppose 17 = 4*t - 3*t. What is the remainder when y(6) is divided by t?
14
Suppose -4*i + 260 = -0*c + 4*c, -i = -3*c + 195. Suppose -14 = -3*h - 5. Suppose -23 = -h*w + 43. Calculate the remainder when c is divided by w.
21
Let b(d) = -d**2 - 5*d + 8. Suppose 4*a = a - 18. Let g be b(a). Suppose 45 = g*x + x. Calculate the remainder when 58 is divided by x.
13
Let a = 2467 + -2393. Calculate the remainder when a is divided by 36.
2
Suppose -w + i + 118 = 0, w + 4*i - 178 = -40. Suppose 0 = 127*o - w*o - 185. What is the remainder when o is divided by 8?
5
Suppose 0 = 17*o - 154 - 118. Calculate the remainder when 33 is divided by o.
1
Let p = 14 - 14. Suppose b - 127 = -4*d, -2*d + 5*b + p*b + 69 = 0. What is the remainder when ((-5)/(-3) + -1)/((-2)/(-375)) is divided by d?
29
Let h(j) = -5*j**3 - j**2 - 11*j - 11. Suppose 0*q - q = -25. Calculate the remainder when q is divided by h(-1).
1
Suppose 0 = 13*v - 1928 - 1049. What is the remainder when v is divided by 59?
52
Suppose 0 = -i + 2*w + 24, -4*w + 34 = 3*i + 2. Calculate the remainder when 61 is divided by i.
13
Suppose 3*b = -5*o + 8, -3*b + 3 + 20 = 2*o. Suppose 0 = -4*i + b + 1. Suppose i*t = -t + 112. Calculate the remainder when t is divided by 6.
4
Let m = 44 + -30. Suppose 3*b = m - 5. Calculate the remainder when (-12)/b - (3 - 62) is divided by 14.
13
Let u(w) = -247*w + 247*w + 12*w**2. Calculate the remainder when 189 is divided by u(-2).
45
Let j = 33 - 29. Suppose z + j*q = -10, -2*q - 6 = 4*z - 3*q. Let c(n) = -n**3 + n**2 - 1. What is the remainder when 31 is divided by c(z)?
9
Let l(q) = q**2 - 10*q + 19. Let f be l(8). Suppose 146 = 3*j + 4*k, f*j - k = 3*k + 154. What is the remainder when j is divided by 13?
11
Calculate the remainder when 1719 is divided by (-130)/20*56/(-26).
11
Let j = 120 + 517. What is the remainder when j is divided by 40?
37
Let f(i) = i**3 + i**2 - 2*i